uppose x - 5 = 2*p, 0*x = -l*x - 3*p + 38. What are the prime factors of x?
7
Let h(f) = 10*f**2 - 10*f - 2. Let m(b) = -3*b**2 + 3*b + 1. Let s(n) = -2*h(n) - 7*m(n). Let u be s(4). Let q = u + -2. List the prime factors of q.
7
Let f be 33/6 - (-2)/(-4). Suppose 0 = -f*x + 24 - 4. Suppose -2*t - 5*r = -r - 30, -3*r = -x*t + 38. What are the prime factors of t?
11
Suppose 2*b + 6 = 0, 3*p + 11 = p - 5*b. Suppose -p*d = d + w - 26, -4*d + 2*w + 48 = 0. List the prime factors of d.
2, 5
Suppose 2*p - 6 = -0*p. Suppose 0 = -0*m - p*m + 3. List the prime factors of 33/(6 - 3) + m.
2, 3
Suppose -f = 3*r - 3, -2*r + f + 2 = -f. Suppose 2*s - r - 3 = 0. What are the prime factors of s?
2
Let k be 2 + 0 + (-8 - -75). Let j = k - 43. List the prime factors of j.
2, 13
Let t = 32 - 21. Suppose t = 4*c - 65. List the prime factors of c.
19
Let f(v) = -2*v + 6. Let p(a) = 2*a - 6 + 3 - a. Let o(d) = -2*f(d) - 5*p(d). List the prime factors of o(-4).
7
Suppose 2 = -i + 2*o, 2*o - 1 = 5*i - 15. Suppose 6*y - 108 = i*y. What are the prime factors of y?
2, 3
List the prime factors of 5*(25 - 0/(-4)).
5
Let b = -5 + 9. Let z be -3*(b/3 - 2). Suppose -5*a + 13 + z = 0. List the prime factors of a.
3
Let p be -2*(-1)/2*-1. Let c = p + 0. What are the prime factors of 126/12 - c/2?
11
Suppose 0 = -2*v - f + 55, v + 0*f - f - 23 = 0. Let z = 11 - v. List the prime factors of z/(-9) - (-1)/3.
2
Let v(d) = d**2 + 8*d - 11. Suppose 3*i = -2*i - 50. List the prime factors of v(i).
3
Let b(r) = -7*r - 6. What are the prime factors of b(-15)?
3, 11
Let r(w) = w**2 + 8*w + 9. Let k be r(-7). Suppose 0 = -k*m - 3 + 39. What are the prime factors of m?
2, 3
Suppose 6*i = i. Suppose 4*z + 40 = -5*t, i*t = -t - 4. Let w = z - -17. What are the prime factors of w?
2, 3
Suppose -2*d = -2*q, q + q - 1 = 3*d. Let i = 0 - q. Let x = i - -2. What are the prime factors of x?
3
Suppose -3*g + g = x + 10, -4*g + 5*x - 34 = 0. Let z = 2 - g. List the prime factors of z.
2
Let x = -3 + 234. What are the prime factors of x?
3, 7, 11
Let r(s) = -3*s - 19. Let k be r(-8). Suppose y + 3*g = g - k, 3*g = 5*y - 40. List the prime factors of y.
5
Let k = 220 - 155. List the prime factors of k.
5, 13
Let y be (5 + -2)/3*5. Suppose -y*o + 5*x = -0*x - 1040, 2*o + 3*x - 436 = 0. What are the prime factors of (-6)/(-27) - o/(-18)?
2, 3
Let w(d) = d**3 - 10*d**2 + 11*d - 4. What are the prime factors of w(9)?
2, 7
Let t = 94 - 13. What are the prime factors of t?
3
Suppose 0 = 5*a - a - 36. Let y(k) = k + 4. List the prime factors of y(a).
13
Let u be 19/7 - 2/(-7). Suppose -u*f = -19 - 5. Suppose -2*j - 3*o + f = -1, -4*j + 29 = -5*o. List the prime factors of j.
2, 3
Suppose 7*x = 2*x - 4*m + 13, -4*x - 3*m + 10 = 0. Suppose -4*t - 7 = 2*g + x, -8 = t + 2*g. Suppose t = o + 4*o, -12 = -l - o. List the prime factors of l.
2, 3
Suppose 2*q = -q + 6. Suppose 0 = q*c - 20 - 16. What are the prime factors of c?
2, 3
Let z(s) = 7*s - 1. Suppose 3*k + o = 8, -2*k - k + 4 = -o. Let b be z(k). Suppose -8 - b = -3*t. List the prime factors of t.
7
Let a(y) = 3*y**2 + 2*y + 2. What are the prime factors of a(-1)?
3
Let d(g) be the second derivative of g**5/2 - g. Let z be d(1). What are the prime factors of (36/(-10))/((-2)/z)?
2, 3
Let z(m) = m**2 + 9*m - 46. What are the prime factors of z(-13)?
2, 3
Let r(p) = -p. Let j be r(-5). Let d be ((-6)/j)/(2/10). List the prime factors of 66/9 + (-4)/d.
2
Let j be -2*((-3)/3 - 1). What are the prime factors of 6/j*(-102)/(-9)?
17
What are the prime factors of (0 - -3) + -7 + 19?
3, 5
Suppose -12 = -5*t + t. Suppose m = t*m - 156. Suppose -4*j + s = -92, 3*j - 5*s - m = -2*s. List the prime factors of j.
2, 11
Let x = 20 + -40. Let n = x - -34. What are the prime factors of n?
2, 7
Suppose 2 + 7 = -3*t, 5*u = 5*t + 345. What are the prime factors of u?
2, 3, 11
Let y(k) = -k**3 + 3*k - 5. Suppose -4*b - 21 + 5 = 0. What are the prime factors of y(b)?
47
Let r = 33 + -19. Let l = 23 - r. List the prime factors of l.
3
Suppose -270 = 11*u - 6*u. Let c = u - -91. List the prime factors of c.
37
Suppose 4*i + 2 = -18. Let a(j) = -j**2 - 8*j - 3. List the prime factors of a(i).
2, 3
Let f(m) = m + 1. Let t(j) = 4*j + 8. Let r(u) = -3*f(u) + t(u). List the prime factors of r(4).
3
Suppose -u - 303 = -5*x, -5*u + 163 + 122 = 5*x. What are the prime factors of x?
2, 3, 5
Let f(h) = -5*h**3 - 10*h**2 + 9. Let u(n) = -4*n**3 - 9*n**2 - n + 8. Let b(a) = 5*f(a) - 6*u(a). List the prime factors of b(5).
2
Let k be (-2)/5 - (-36)/15. Suppose -3*m - 15 = k*m. List the prime factors of (2/4)/(m/(-18)).
3
Let s(p) = p**3 + 9*p**2 + 7*p + 9. Let k be s(-6). Let t = 51 - k. List the prime factors of 1/(1/t*-3).
2
Let j be 0*(0 - 1)*1. Suppose 5*g = -4*a + 7, j*g - 5*g + 5*a = -25. Suppose g*h = 4 + 23. What are the prime factors of h?
3
Suppose 4*l - 23 - 1 = 0. List the prime factors of l.
2, 3
Let b(i) = i**3 - 3*i**2 - 10*i + 9. What are the prime factors of b(6)?
3, 19
Suppose 3*x + x = -60. Let p = 10 + x. Let y = -1 - p. What are the prime factors of y?
2
Let l(u) = -u**3 - u**2 - 2. Let c be l(0). Let h = c - -9. List the prime factors of h.
7
Let m = -7 - -20. List the prime factors of m.
13
Let o = 7 - 4. Suppose 7*v - 2 = d + 3*v, -4*d - 8 = o*v. What are the prime factors of 5 + d/(-1 + 3)?
2
Let l(x) = -2*x**2 - x + 4. Let i be l(-3). Let q = i + 24. What are the prime factors of q?
13
Suppose -y = -0*y - 12. What are the prime factors of y?
2, 3
Suppose 4*o = -4*j + 2*o - 6, -6 = -2*j - 4*o. Let c be (2 - j/(-2))*22. Let i = c - 7. List the prime factors of i.
2
Let o(m) = -m + 7. Let f be o(3). Suppose -r - f*i = -15 - 4, 0 = r - 2*i - 7. Suppose -r = 3*l - 4*l. What are the prime factors of l?
11
Let a = -17 + 44. What are the prime factors of (a/(-6))/((-1)/2)?
3
Suppose 241 = 2*z - 169. What are the prime factors of z?
5, 41
Let l = 22 - 22. Suppose -104 = -4*t + 4*q, 2*t + l*t = -4*q + 22. List the prime factors of t.
3, 7
List the prime factors of 3/(-4 + 286/70).
5, 7
Let f(w) = -4*w + 1. Let q be 2/(-9) + (-7)/9. Let j be f(q). Suppose -4*u = -3*u - 3, j*u = i + 5. List the prime factors of i.
2, 5
Let i = 4 + -2. Suppose i*c = -c + 117. List the prime factors of c/15 + 2/5.
3
Let w(x) = -x**3 + x**2 - 2. Suppose a + 3 = -u, 2*a + 7 = -3*u - 3. Let n = a - 3. What are the prime factors of w(n)?
2, 5
What are the prime factors of (-20)/(-11) + (-2)/(-11) - -79?
3
Suppose -5*g + 61 = -74. What are the prime factors of 195/g - 4/18?
7
Let q = 480 - 338. What are the prime factors of q?
2, 71
Suppose -4*u = -3*g + 393 + 93, 0 = 5*u + 5*g + 625. What are the prime factors of u/(-9) + (-6)/9?
13
What are the prime factors of -404*(8 - 7)*(-2)/4?
2, 101
Let k(z) = 2*z**2 + 12*z + 3. Let w be k(-8). List the prime factors of 3/5 + 469/w.
2, 7
Suppose -2*r - 5*t + 2 = 17, -3*r + 5*t = -40. Let x(h) = -6*h - 9. Let a(p) = p + 1. Let f(z) = r*a(z) + x(z). What are the prime factors of f(-7)?
3
Suppose 2*f = 3*h + 72, 2*f + 0*h = -4*h + 100. What are the prime factors of f?
2, 3, 7
Let i be -1*2 - 2 - 0. What are the prime factors of (-26)/i + 1/2?
7
Suppose -4*m - 16 = -36. Let p(n) = -n**3 + 5*n**2 + 2*n - 4. Let w be p(m). Let l(j) = -j**2 + 8*j - 1. What are the prime factors of l(w)?
11
Let p be 87*((-4)/6 - -1). Suppose p = 5*j - 4*j. What are the prime factors of j?
29
Suppose 0 = v + 3*v. Suppose v*r - 5*r = -95. Let j = -6 + r. List the prime factors of j.
13
Let s = 388 + -138. List the prime factors of s.
2, 5
Let c = 14 + -8. Suppose g + 0*g - 45 = 0. Suppose u = c*u - g. What are the prime factors of u?
3
Let o(f) = f**2 - f. Let n be o(5). Let i = n - 9. Suppose -2*w - i = -41. What are the prime factors of w?
3, 5
Suppose 5*x - 72 - 98 = 0. Suppose 0 = 3*w - w - x. What are the prime factors of w?
17
Let m(k) = -12*k**2 - 3*k - 13*k - 4 - 7 - k**3. List the prime factors of m(-11).
2, 11
Let u(d) = 2*d**2 - 1. Let o be u(1). List the prime factors of 47 + o*(-2 - 0).
3, 5
Let h(f) = 57*f - 50. What are the prime factors of h(5)?
5, 47
Let u(p) = -p**3 - 9*p**2 - 6*p + 10. Let r be u(-8). List the prime factors of (-2)/6 + (-98)/r.
2
Suppose 3*p = 2*q - 15, 5*p = 4*p - 5. List the prime factors of 0 + 7 + q - -1.
2
Let k(s) = -s**3 + 17*s**2 + 23*s - 